e
Is 2010703 prime?
True
Is 2575427 a composite number?
True
Is 447734234 prime?
False
Is 1263569 composite?
False
Is 176713343 a prime number?
True
Is 49974143 prime?
True
Is 2103553 composite?
False
Is 13972669 a composite number?
False
Is 144981841 composite?
False
Is 43326551 prime?
False
Is 6121211 a composite number?
True
Is 7060013 prime?
True
Is 6927509 a prime number?
True
Is 9541547 a composite number?
False
Is 48462941 composite?
True
Is 28237739 prime?
True
Is 12385381 prime?
True
Is 484339 a prime number?
True
Is 1593817 composite?
True
Is 583351 composite?
False
Is 467543 a composite number?
False
Is 19443259 a prime number?
False
Is 8615539 a prime number?
True
Is 1455244361 a composite number?
False
Is 6820831 a prime number?
False
Is 15738577 a prime number?
True
Is 49588223 a prime number?
True
Is 7690031 a composite number?
False
Is 4121081 a composite number?
True
Is 180266063 composite?
True
Is 15496181 a prime number?
False
Is 5820949 a prime number?
False
Is 124998539 a composite number?
True
Is 124096577 a composite number?
True
Is 30039455 composite?
True
Is 46108339 composite?
False
Is 3942479 composite?
False
Is 42945467 a prime number?
True
Is 146847499 a prime number?
True
Is 89263 a composite number?
True
Is 27544331 prime?
True
Is 3167101 composite?
True
Is 62391107 composite?
False
Is 112289035 composite?
True
Is 193828667 a composite number?
True
Is 394383683 a prime number?
True
Is 112906879 prime?
False
Is 7168123 a composite number?
True
Is 436343081 a prime number?
False
Is 1142411 a prime number?
False
Is 24343883 composite?
True
Is 274774121 a prime number?
False
Is 8381207 a prime number?
True
Is 1243093 composite?
False
Is 150000053 composite?
True
Is 9327649 composite?
False
Is 17486153 composite?
True
Is 58028519 a composite number?
False
Is 79347793 a prime number?
False
Is 193417 a composite number?
True
Is 31560673 a prime number?
True
Is 55767611 a composite number?
False
Is 2191723 a composite number?
False
Is 49733969 prime?
True
Is 28919563 prime?
True
Is 258887 a prime number?
True
Is 36247 composite?
True
Is 11594039 a prime number?
True
Is 2449757 prime?
True
Is 5846287 a composite number?
True
Is 8031103 a prime number?
False
Is 95153 composite?
False
Is 8111893 a prime number?
False
Is 2411237 composite?
True
Is 37867403 a prime number?
False
Is 995927 prime?
True
Is 24020287 a prime number?
False
Is 4163987 a composite number?
False
Is 128216611 composite?
True
Is 60932557 a composite number?
True
Is 48021403 a composite number?
False
Is 159439873 a composite number?
True
Is 12763241 a prime number?
True
Is 217074551 prime?
False
Is 173241787 prime?
False
Is 2503093 composite?
True
Is 14630227 composite?
False
Is 903916297 prime?
True
Is 105167 composite?
False
Is 8766514 composite?
True
Is 1756771 prime?
False
Is 11438179 a composite number?
False
Is 4148783 prime?
False
Is 173311 a prime number?
False
Is 230764771 composite?
False
Is 101309801 prime?
True
Is 1955939 composite?
False
Is 10771679 prime?
True
Is 27886039 prime?
True
Is 21431477 composite?
True
Is 37449103 composite?
False
Is 150933 prime?
False
Is 6969757 composite?
False
Is 31701499 a composite number?
True
Is 440831 prime?
True
Is 1262243 composite?
True
Is 197582227 prime?
True
Is 31013426 a composite number?
True
Is 3891991 a composite number?
True
Is 15988927 composite?
False
Is 93793813 prime?
True
Is 4536491 prime?
True
Is 71405881 a composite number?
True
Is 725939 prime?
True
Is 4787161 prime?
True
Is 12250247 a composite number?
False
Is 24880769 a prime number?
True
Is 1533391 prime?
False
Is 307243 composite?
False
Is 26386187 composite?
False
Is 43166869 a composite number?
True
Is 50414663 composite?
True
Is 1619543 prime?
False
Is 362260799 a prime number?
True
Is 1349773 a prime number?
True
Is 62347 a composite number?
False
Is 7855469 a prime number?
True
Is 614621 composite?
True
Is 8531135 a composite number?
True
Is 18522461 composite?
False
Is 7075807 a composite number?
False
Is 16822661 a composite number?
True
Is 554117 a composite number?
False
Is 25758881 composite?
False
Is 6773857 a prime number?
True
Is 1050563 composite?
False
Is 6427061 a composite number?
False
Is 3778531 a prime number?
True
Is 3192743 a prime number?
False
Is 21176879 a prime number?
True
Is 107686941 composite?
True
Is 182956803 composite?
True
Is 1676227 a prime number?
False
Is 2016181 composite?
False
Is 135777301 a composite number?
True
Is 374353 a composite number?
True
Is 7104463 composite?
False
Is 608939 composite?
True
Is 2379865 composite?
True
Is 25251089 a composite number?
False
Is 2427 composite?
True
Is 5123927 composite?
False
Is 2377597 a composite number?
True
Is 8924879 composite?
False
Is 78238003 prime?
False
Is 5935729 a prime number?
False
Is 2389227 a composite number?
True
Is 426073 prime?
True
Is 21088114 a prime number?
False
Is 19895267 a prime number?
False
Is 8559659 prime?
False
Is 163041997 a composite number?
False
Is 9566943 a prime number?
False
Is 43463059 a prime number?
True
Is 1449185 prime?
False
Is 765577 a prime number?
True
Is 245008419 a prime number?
False
Is 81022951 a composite number?
True
Is 907201 prime?
False
Is 911614237 composite?
True
Is 7838951 a prime number?
True
Is 9529399 a prime number?
False
Is 5067145 a prime number?
False
Is 31979993 composite?
True
Is 190302221 a composite number?
False
Is 688679 a prime number?
True
Is 216659887 a prime number?
False
Is 21958691 prime?
True
Is 2931207 composite?
True
Is 1528547 prime?
False
Is 626094499 a composite number?
False
Is 20037859 prime?
True
Is 25072822 a prime number?
False
Is 10102289 a composite number?
False
Is 1031329 a composite number?
True
Is 73721753 a composite number?
True
Is 1372979 composite?
False
Is 1728659 prime?
True
Is 9025949 prime?
False
Is 1478506 composite?
True
Is 3916721 a prime number?
True
Is 243755023 a composite number?
False
Is 37636441 a prime number?
False
Is 1557095 a composite number?
True
Is 18540859 composite?
True
Is 468778007 a composite number?
False
Is 46690243 prime?
True
Is 739266343 composite?
False
Is 42089759 a prime number?
False
Is 1229909 composite?
True
Is 361566229 composite?
True
Is 1511779 prime?
True
Is 4081771 a prime number?
True
Is 9369673 a composite number?
False
Is 18797651 composite?
True
Is 7322795 a composite number?
True
Is 20997511 a prime number?
True
Is 8510701 composite?
False
Is 57266087 a prime number?
True
Is 14713553 a composite number?
False
Is 711246259 prime?
False
Is 588073 a composite number?
False
Is 528871 a composite number?
True
Is 17449841 composite?
True
Is 12266201 prime?
False
Is 126097 a composite number?
False
Is 9734411 a prime number?
True
Is 111136951 composite?
True
Is 20823139 prime?
True
Is 679067 a prime number?
True
Is 35109323 composite?
False
Is 5967899 a composite number?
True
Is 536891 a composite number?
False
Is 62133713 a composite number?
False
Is 86296051 a prime number?
True
Is 19567667 composite?
True
Is 5545105 composite?
True
Is 1222553 composite?
True
Is 4906679 a prime number?
False
Is 20988203 prime?
True
Is 244367767 a prime number?
False
Is 18768073 a prime number?
True
Is 1799639 a composite number?
False
Is 67805761 a prime number?
True
Is 933571 prime?
False
Is 196379401 prime?
True
Is 32360843 a prime number?
False
Is 2283539 a composite number?
False
Is 2501987 composite?
False
Is 553985643 a prime number?
False
Is 16730921 prime?
True
Is 22045841 prime?
True
Is 44932003 a composite number?
True
Is 27486779 a composite number?
False
Is 943037 a composite number?
True
Is 494191 prime?
True
Is 16478047 prime?
False
Is 311371 a prime number?
True
Is 2563205 a prime number?
False
Is 23940463 composite?
True
Is 3392771 composite?
False
Is 1484911 a prime number?
True
Is 3022483 prime?
False
Is 5290357 a composite number?
False
Is 48447673 a composite number?
True
Is 18616997 a composite number?
True
Is 1055251 prime?
True
Is 398669011 composite?
True
Is 43709717 a prime number?
False
Is 4762099 a prime number?
True
Is 11027251 composite?
True
Is 72861347 a composite number?
True
Is 56994869 prime?
True
Is 33076879 a composite number?
True
Is 19176907 composite?
False
Is 6166151 prime?
False
Is 2085